{"id":77,"date":"2020-06-15T20:31:25","date_gmt":"2020-06-15T20:31:25","guid":{"rendered":"https:\/\/neu.ig-rychenbergstrasse.ch\/?page_id=77"},"modified":"2020-11-19T22:09:18","modified_gmt":"2020-11-19T22:09:18","slug":"statuten","status":"publish","type":"page","link":"https:\/\/www.ig-rychenbergstrasse.ch\/?page_id=77","title":{"rendered":"Statuten"},"content":{"rendered":"\n<p>Die IG Rychenbergstrasse wurde 1999 gegr\u00fcndet und ist ein gemeinn\u00fctziger Verein gem\u00e4ss ZGB.<\/p>\n\n\n\n<p>Organisation und Zweck des Vereins sind in den aktualisierten Statuten festgehalten.<\/p>\n\n\n\n<div class=\"wp-block-file\"><a href=\"https:\/\/www.ig-rychenbergstrasse.ch\/wp-content\/uploads\/2020\/09\/Statuten_20200916.pdf\">Statuten IG Rychenbergstrasse<\/a><\/div>\n","protected":false},"excerpt":{"rendered":"<p>Die IG Rychenbergstrasse wurde 1999 gegr\u00fcndet und ist ein gemeinn\u00fctziger Verein gem\u00e4ss ZGB. Organisation und Zweck des Vereins sind in den aktualisierten Statuten festgehalten. Statuten IG Rychenbergstrasse<\/p>\n","protected":false},"author":1,"featured_media":98,"parent":0,"menu_order":0,"comment_status":"closed","ping_status":"closed","template":"","meta":{"footnotes":""},"class_list":["post-77","page","type-page","status-publish","has-post-thumbnail","hentry"],"_links":{"self":[{"href":"https:\/\/www.ig-rychenbergstrasse.ch\/index.php?rest_route=\/wp\/v2\/pages\/77","targetHints":{"allow":["GET"]}}],"collection":[{"href":"https:\/\/www.ig-rychenbergstrasse.ch\/index.php?rest_route=\/wp\/v2\/pages"}],"about":[{"href":"https:\/\/www.ig-rychenbergstrasse.ch\/index.php?rest_route=\/wp\/v2\/types\/page"}],"author":[{"embeddable":true,"href":"https:\/\/www.ig-rychenbergstrasse.ch\/index.php?rest_route=\/wp\/v2\/users\/1"}],"replies":[{"embeddable":true,"href":"https:\/\/www.ig-rychenbergstrasse.ch\/index.php?rest_route=%2Fwp%2Fv2%2Fcomments&post=77"}],"version-history":[{"count":8,"href":"https:\/\/www.ig-rychenbergstrasse.ch\/index.php?rest_route=\/wp\/v2\/pages\/77\/revisions"}],"predecessor-version":[{"id":251,"href":"https:\/\/www.ig-rychenbergstrasse.ch\/index.php?rest_route=\/wp\/v2\/pages\/77\/revisions\/251"}],"wp:featuredmedia":[{"embeddable":true,"href":"https:\/\/www.ig-rychenbergstrasse.ch\/index.php?rest_route=\/wp\/v2\/media\/98"}],"wp:attachment":[{"href":"https:\/\/www.ig-rychenbergstrasse.ch\/index.php?rest_route=%2Fwp%2Fv2%2Fmedia&parent=77"}],"curies":[{"name":"wp","href":"https:\/\/api.w.org\/{rel}","templated":true}]}}