{"id":51,"date":"2020-06-15T20:27:38","date_gmt":"2020-06-15T20:27:38","guid":{"rendered":"https:\/\/neu.ig-rychenbergstrasse.ch\/?page_id=51"},"modified":"2020-06-15T20:43:11","modified_gmt":"2020-06-15T20:43:11","slug":"oberi","status":"publish","type":"page","link":"https:\/\/www.ig-rychenbergstrasse.ch\/?page_id=51","title":{"rendered":"Oberi"},"content":{"rendered":"\n<p>Die kleinteilige Struktur mit den Ein- und Zweifamilienh\u00e4usern und die vielen Gr\u00fcnfl\u00e4chen sind besonders f\u00fcr Familien sehr attraktiv. Kindergarten und Schulhaus Rychenbergstrasse und das Kinderheim Oberi liegen in diesem Quartier.<\/p>\n\n\n\n<p>Der Abschnitt \u00abOberi\u00bb f\u00fchrt von der Talackerstrasse bis zum Zentrum R\u00f6mertor.&nbsp;<\/p>\n","protected":false},"excerpt":{"rendered":"<p>Die kleinteilige Struktur mit den Ein- und Zweifamilienh\u00e4usern und die vielen Gr\u00fcnfl\u00e4chen sind besonders f\u00fcr Familien sehr attraktiv. Kindergarten und Schulhaus Rychenbergstrasse und das Kinderheim Oberi liegen in diesem Quartier. Der Abschnitt \u00abOberi\u00bb f\u00fchrt von der Talackerstrasse bis zum Zentrum R\u00f6mertor.&nbsp;<\/p>\n","protected":false},"author":1,"featured_media":99,"parent":0,"menu_order":0,"comment_status":"closed","ping_status":"closed","template":"","meta":{"footnotes":""},"class_list":["post-51","page","type-page","status-publish","has-post-thumbnail","hentry"],"_links":{"self":[{"href":"https:\/\/www.ig-rychenbergstrasse.ch\/index.php?rest_route=\/wp\/v2\/pages\/51","targetHints":{"allow":["GET"]}}],"collection":[{"href":"https:\/\/www.ig-rychenbergstrasse.ch\/index.php?rest_route=\/wp\/v2\/pages"}],"about":[{"href":"https:\/\/www.ig-rychenbergstrasse.ch\/index.php?rest_route=\/wp\/v2\/types\/page"}],"author":[{"embeddable":true,"href":"https:\/\/www.ig-rychenbergstrasse.ch\/index.php?rest_route=\/wp\/v2\/users\/1"}],"replies":[{"embeddable":true,"href":"https:\/\/www.ig-rychenbergstrasse.ch\/index.php?rest_route=%2Fwp%2Fv2%2Fcomments&post=51"}],"version-history":[{"count":2,"href":"https:\/\/www.ig-rychenbergstrasse.ch\/index.php?rest_route=\/wp\/v2\/pages\/51\/revisions"}],"predecessor-version":[{"id":93,"href":"https:\/\/www.ig-rychenbergstrasse.ch\/index.php?rest_route=\/wp\/v2\/pages\/51\/revisions\/93"}],"wp:featuredmedia":[{"embeddable":true,"href":"https:\/\/www.ig-rychenbergstrasse.ch\/index.php?rest_route=\/wp\/v2\/media\/99"}],"wp:attachment":[{"href":"https:\/\/www.ig-rychenbergstrasse.ch\/index.php?rest_route=%2Fwp%2Fv2%2Fmedia&parent=51"}],"curies":[{"name":"wp","href":"https:\/\/api.w.org\/{rel}","templated":true}]}}